. Calculate the remainder when o is divided by y.
27
Let t(z) = 141*z - 112. Calculate the remainder when 5740 is divided by t(1).
27
Let g(t) = 9*t**2 - 2*t - 2. Let w be g(4). What is the remainder when w/6 + (-2)/6 is divided by 6/138 - 3555/(-759) - 3/(-11)?
2
Suppose -3*f + 48 = 3*v, 4*v - 36 = -11*f + 14*f. What is the remainder when 33 is divided by v?
9
Let b(w) = -13*w**3 + 2*w**2 + 2*w + 1. Suppose -91*k = -2*k + 88*k - 3540. What is the remainder when k is divided by b(-1)?
6
Suppose -187 = -22*i + 341. Suppose r + b = 61, 3*r - 3*b = 165 + 36. Suppose k - 12 = -j, -j - 3*j + 4*k = -r. Calculate the remainder when i is divided by j.
10
Suppose 315 = -c + 328. Let v(w) = -2*w**3 + 4*w**2 + 3*w. What is the remainder when v(-5) is divided by c?
10
Let q be 32/1*1*(-49)/(-28). Suppose 0 = 5*m + 1 - q. Calculate the remainder when 15 is divided by m.
4
Let k = 498 - 390. Suppose 0 = 28*j - 29*j + k. What is the remainder when j is divided by 11?
9
Calculate the remainder when 563 is divided by 14 + 552/(-23) - -196.
5
Suppose 0 = -32*q + 2480 + 21264. What is the remainder when q is divided by 9?
4
Let o = -6760 + 11151. Calculate the remainder when o is divided by 14.
9
Let a = 529 - 564. Let r = 20 - a. Let n(l) = 34*l**3 + 2. Calculate the remainder when n(2) is divided by r.
54
Let s be (0 + 2)*159/6. Let b = -49 + s. Calculate the remainder when (2 - 0) + (b - 0) is divided by 2.
0
Let x(y) = 9*y + 1951 + 2*y**3 + y - 1926 - 17*y**2. What is the remainder when 449 is divided by x(8)?
39
Suppose -22 = 16*z + 10. What is the remainder when 118 is divided by (z + 8)/((-155)/(-30) + -5)?
10
Suppose -5*x + 4*h - 1988 = 0, 2*x - 2*h - h + 798 = 0. Let k = x - -407. What is the remainder when 50 is divided by k?
6
Let m = -8469 + 11953. Calculate the remainder when m is divided by 21.
19
Suppose -3*j = -6*j + 39. Let s(d) = -d**3 - 7*d**2 + 5*d + 34. Let n be s(-7). Calculate the remainder when 6 + 66 + n + 5 + 0 is divided by j.
11
Let o be 1/(-5) + ((-414)/(-45) - 7). Suppose 0 = -5*c - f + 195, o*f - 27 - 21 = -c. Suppose -4*a + 540 = a. Calculate the remainder when a is divided by c.
32
Let w be (18 - -2) + 50/10. Let j be w/10*(-4)/5*-7. Let l = j + 34. Calculate the remainder when l is divided by 13.
9
Let w(k) = 15*k**3 + k**2 - 1. Suppose 21*u - 348 = 786. Calculate the remainder when u is divided by w(1).
9
Suppose -3*p - 15 = 0, 98 = 2*h - 10*p - 122. Calculate the remainder when h is divided by (-3 + (-96)/(-9))/(5/45).
16
Let v(p) = -p**3 - 8*p**2 + 9*p + 15. Let b = 66 + -28. Let h = b - 48. Calculate the remainder when v(h) is divided by 21.
20
Suppose -j - 24 = -5*n, 7*n - 3*n - 24 = 2*j. Let s be (-6)/(n/(-4)) + 1. Suppose 20 = c - 4*y, 1 = 3*c + y - s. Calculate the remainder when c is divided by 1.
0
Suppose 3*d - 1856 = -5*w, 4*w - 1490 = 132*d - 137*d. What is the remainder when 1498 is divided by w?
18
Let t = -1966 + 2150. What is the remainder when t is divided by 3?
1
Let i = -2158 - -4048. Suppose -i = -60*m - 450. Calculate the remainder when 89 is divided by m.
17
Suppose -11*b = 3*b - 12404. Suppose 0 = 5*d + 36 - b. Calculate the remainder when d is divided by 19.
18
Let c(x) = -x**2 + 6*x - 31. Let y(d) = -d**2 + 7*d - 31. Let s(r) = -4*c(r) + 3*y(r). Calculate the remainder when s(5) is divided by 15.
11
Suppose -5185 = -2*r - 5*l, -3*r + 18*l - 19*l + 7810 = 0. Calculate the remainder when r is divided by 33.
31
Suppose 7*g + 39 = 20*g. Suppose -4*z - 4*i = -1628, -2*z + 387 = -g*i - 407. What is the remainder when z is divided by 11?
7
Suppose 5*v - 375 = 95. What is the remainder when v is divided by -5*(0 + -1) - (-10 - 17)?
30
Suppose -5840 + 6413 = 3*p. What is the remainder when 3052 is divided by p?
187
Suppose 0 = -44*u + 53725 + 40391. Calculate the remainder when u is divided by 21.
18
Suppose 0 = 7*t + 6567 - 6966. Calculate the remainder when 604 is divided by t.
34
Let s = -104 + 114. What is the remainder when (3200/(-6))/s*-3 is divided by 23?
22
Let w(s) = 65*s - 2. Let g be w(1). Let t = 66 - g. Suppose 0 = 5*o - 3*o - t*x - 265, 4*o - 2*x - 534 = 0. What is the remainder when o is divided by 9?
8
Calculate the remainder when ((-3111)/(-305))/(-1*(-1)/635) is divided by 90.
87
Let u be (-2 + (-21)/(-14))*-478. Suppose -r + w = -190, -41 = r - 3*w - u. What is the remainder when r is divided by 24?
18
Calculate the remainder when 236 is divided by ((-2072)/(-28) - -6) + (-1 - -10).
58
Let k = -615 - -627. Calculate the remainder when 59 is divided by k.
11
What is the remainder when 96 is divided by (-109)/654 - 517/(-6)?
10
Suppose 142 = -17*o + 910 + 1051. What is the remainder when 2245 is divided by o?
105
Let w be (19 + -17)/(1/2). Let v(b) = 2*b**3 - 6*b**2 + 6*b - 16. Let i = 2 - -20. What is the remainder when v(w) is divided by i?
18
Let w(k) = -12*k - 188. Let z(f) = -f**2 - 5*f - 20. Let u be z(-4). Calculate the remainder when 6 is divided by w(u).
2
Let u(o) = -o**3 + 7*o**2 + 9*o - 47. Calculate the remainder when 100 is divided by u(7).
4
Suppose 83*s - 53*s = 1320. What is the remainder when 91 is divided by s?
3
Calculate the remainder when (5 - (-10 - -14))/(1 - (-1530)/(-1531)) is divided by 64.
59
Suppose -25 = -25*m + 30*m, 3*o + m = 1096. What is the remainder when o is divided by 10?
7
Let v = 734 - 317. Let m = 541 - v. What is the remainder when m is divided by 42?
40
Suppose 1460 = 5*a - 0*a. What is the remainder when a is divided by (-5 + -3 + 29/(899/2542))/2?
33
Let h(x) be the second derivative of -x**4/6 + 17*x**3/3 - 69*x**2/2 - 42*x. What is the remainder when h(12) is divided by 18?
15
Let m(d) = -d**3 + 7*d**2 - 3*d - 3. Calculate the remainder when ((-623)/(-14))/(9/(-126))*(-4)/14 is divided by m(6).
13
Suppose z + 5*h = -z + 251, -5*z + 4*h + 710 = 0. Let w = -237 + z. What is the remainder when (w/2)/((-3)/4) is divided by 23?
20
Suppose -j - 4*j = -60. Let p = -59711 + 59738. What is the remainder when p is divided by j?
3
Let w = -2 + 15. Suppose g - w = 11. Calculate the remainder when (-1641)/(-39) + 2/(-26) is divided by g.
18
Suppose 0 = 5*c + s - 114 - 112, 0 = -4*c + s + 188. Calculate the remainder when 363 is divided by c.
41
Let q(m) = 3*m**3 - 2*m**2 + 2*m + 2. Let u(w) = -5*w + 90. Let t be u(5). Suppose -t*g + 15 = -64*g. Calculate the remainder when q(2) is divided by g.
7
Let a(v) = -3*v - 5. Suppose 6*f - 905 = f. What is the remainder when f is divided by a(-14)?
33
Suppose 23 = 2*t - 5*u - 22, -t + 20 = -5*u. Let l be (-1 - (-17)/3) + 8/24. What is the remainder when t is divided by (-4)/(-5)*(-2 - (l + -12))?
1
Suppose -32*r = 161 - 167 - 602. Suppose 5*p + 68 = 5*c - 2, 5*c - 46 = -3*p. What is the remainder when r is divided by c?
8
Suppose 0 = -5*i + i - 5*y + 314, 2*y + 85 = i. Let r = i + -54. Suppose -t = 2*b - 26, 3*t + 72 = b + 3*b. Calculate the remainder when r is divided by b.
12
Let q(r) = 1047*r**2 - 169*r + 169. What is the remainder when q(1) is divided by 132?
123
Let x(c) = -32*c**2 - 713*c - 10. Calculate the remainder when x(-22) is divided by 64.
60
Suppose 8*k + 66 = 82. Suppose 2*f - k*i = 3*f - 12, -42 = -2*f + 5*i. What is the remainder when 334 is divided by f?
14
Suppose -15*c + 93 = -14*c. Suppose -24*x + 23*x = c. Let i = x - -142. Calculate the remainder when i is divided by 10.
9
Suppose 0*k - 2*k = 3*u + 3, 5*u + 25 = 0. Let m(d) = -d**3 - 22*d**2 - 47*d - 23. What is the remainder when m(-20) is divided by k?
3
Suppose 5*k - 557 = 288*c - 287*c, 4*c - 371 = -3*k. Calculate the remainder when 330 is divided by k.
104
Suppose -4*x = -4, x = -5*s + 16 + 100. Let b = s + -19. Suppose b = q - 0*q, 209 = 3*g - q. What is the remainder when g is divided by 38?
33
Let n = -126 + 127. What is the remainder when 117 is divided by -4 + 7 - (-1 - n*26)?
27
Let t be ((-4)/(-16))/((-3)/12) - -4. Suppose -531 = -t*p + 3*h + 237, -4*p = -h - 1033. Calculate the remainder when p is divided by 11.
6
Suppose a - 2*p - 5 = 0, -2*p = -4*a + 15 - 7. What is the remainder when 11 is divided by a?
0
Suppose -6*y + 108 = -4*y. Let i = -60 - -65. Suppose 69 = i*j - 26. Calculate the remainder when y is divided by j.
16
Let j(d) = -39*d. Let g be (-10)/(-65) - (-648)/351. Suppose -1 = x, 4*v + g*x - 54 - 24 = 0. What is th